alse
Is 3165*(1 - (-30)/(-45)) composite?
True
Let l(r) = 2148*r**2 - 8*r - 81. Is l(5) a composite number?
True
Suppose -2*h - 40*o + 26004 = -41*o, -39005 = -3*h + o. Is h composite?
False
Let p(d) = 3*d**2 + 8*d - 2. Let h(y) = -y**2 + y - 1. Let m(x) = -10*h(x) + 2*p(x). Let u be m(-3). Suppose -9637 + u = -5*c. Is c a prime number?
True
Suppose 0*l = -4*l + 28584. Let n = 6805 + -3446. Let p = l - n. Is p composite?
True
Let z be (21/(-14))/((-6)/68). Let j = 32 - z. Is 6/(-10) + (20904/j)/1 a prime number?
False
Let z(c) be the third derivative of 11*c**4/8 - 7*c**3/6 + 11*c**2 - 2. Let j = -3 - -19. Is z(j) a composite number?
False
Suppose 0 = -7*j - 39954 + 1846507. Is j prime?
False
Let s = 60 + -55. Suppose -5*p + 84 = 3*t + 601, 0 = -p - s*t - 121. Let k = p + 232. Is k a composite number?
False
Let c be (-32)/6*(242 + 1). Let z be (40069/(-102))/(-3 - (-17)/6). Let t = z + c. Is t a prime number?
True
Let o(g) = -6*g - 17. Let q be o(-4). Is 2/q + ((-53520)/(-56) - 1) prime?
False
Let a(i) = 1156*i + 567. Is a(80) a composite number?
False
Let x = 699 + -694. Let t(j) = -j**3 + 8*j**2 - 6*j + 8. Let h be t(7). Suppose x*g + h = 2*g, 5*w - 835 = -2*g. Is w a composite number?
True
Let x be (-189)/(-28) + -6 - 70/8. Is ((-12)/6 - -5765) + x composite?
True
Let j = 12677 - 8678. Suppose 4*q + 2*s - j = 317, 4*q + 4*s = 4308. Is q a prime number?
False
Suppose -25352025 = -35*p - 6266840. Is p prime?
True
Let n = 27 + -25. Suppose -338 = 4*j - 6*j - i, 0 = n*j + 5*i - 322. Let t = j + -113. Is t a composite number?
True
Suppose 5*m - m = -o + 849, -5*o = 3*m - 4245. Let j = 794 + o. Is j composite?
True
Suppose -56211 = -3*j - 4*z, 4*z = -j + 24831 - 6086. Let b = j - 10676. Is b a composite number?
True
Suppose -25708540 = -40*r + 1143420. Is r composite?
False
Let x be (-12)/9*(-9 + -6). Let a be -2 - (1 - x) - 4. Let j(i) = 14*i**2 - 30*i - 3. Is j(a) composite?
False
Let c(r) = -7*r**3 - 3*r**2 - 7*r - 11. Let u(m) = m**3 + m + 1. Suppose d + 2 = 3*d. Let g(s) = d*c(s) + 4*u(s). Is g(-4) composite?
False
Let j(u) = 442905*u - 304. Is j(1) a composite number?
False
Is 12/((-120)/(-290))*11617 composite?
True
Let c(h) = h**2 - 8*h + 2. Let i be c(8). Let a(r) = 15*r**2 + 7*r + 10. Let d be a(-10). Suppose 4*j = i*p + 5780 + 90, d = j + 5*p. Is j composite?
True
Suppose -2*s = -i - 94 - 164, -12 = 3*i. Let g(f) = f**2 + 3*f + 5. Let u be g(5). Suppose 44*a + s = u*a. Is a a prime number?
True
Suppose -4*z = -s + 27, -40 = -4*s + 4*z + 44. Let k = s + -13. Suppose -k*q = -2*q - 6572. Is q composite?
True
Suppose 0 = -4*s + 4*i + 52644, -12*s + 92107 = -5*s + 3*i. Is s composite?
False
Let o = -39 + 39. Suppose 0 = -2*p + 4*y + 746, -4*p + 1468 = -2*y - o*y. Is p prime?
False
Suppose -7790*u = -7820*u + 5888910. Is u composite?
True
Let q = -775 - -894. Let l = 352 - q. Is l prime?
True
Suppose 3*m - 3 = 0, 3*x - 4*m - m - 169918 = 0. Is x composite?
True
Suppose -3*b + 5*b = -10, 4*b = 4*k - 25476. Let s = -1250 + k. Is s prime?
False
Suppose 234*b = -105*b + 443536413. Is b a prime number?
True
Suppose 0 = t + 4*w - 47884, 3*w + 47902 = t - 2*w. Suppose 4*h - 15*f = -16*f + 48, h - 3*f = 25. Suppose 0 = -h*o + o + t. Is o prime?
False
Is (-10)/(-5) + -2 + 144151 prime?
False
Let j be (3 - 1) + 1 - (7 - 3). Suppose -17*z + 14*z = -6. Is (211/(-2))/(j - z/(-4)) prime?
True
Let y = -79 + 83. Is (-5 + -7)*(-127)/y composite?
True
Is 294/(-42)*((-186149)/(-7))/(-1) prime?
True
Suppose -j - 8*b + 7*b + 242058 = 0, 0 = -2*j + 2*b + 484112. Is j a prime number?
True
Let r(z) = 2*z + 1. Let f(p) = -51*p**2 + 9*p + 13. Let a(x) = -f(x) + 6*r(x). Is a(6) prime?
True
Suppose -2*d + 10538 = 9*d. Let v = -405 + d. Is v prime?
False
Suppose 5*s + a - 5*a = 56, -3*a = -s + 9. Let g(m) = 29*m - 13. Is g(s) composite?
True
Suppose -132*o + 32400910 = 62*o. Is o composite?
True
Let w = -29087 + 51826. Is w a prime number?
True
Let j(z) = 23*z**2 - 16*z - 101. Let c be j(-18). Suppose -c - 6956 = -15*w. Is w prime?
False
Let l(h) = h**2 + 16*h + 26. Let k be l(-14). Let o be (-2)/(-6)*11 - k/6. Suppose x = o*x - 399. Is x prime?
False
Suppose 0 = 3*k + 5*c - 5, 4*k + 2*c = -c + 3. Suppose -q = -k*q - 5. Is (q + 2)/((-9)/(-261)) composite?
True
Suppose 3*i + 8 = -10. Is -3 - (30834/i + 5) composite?
True
Let l be (-21 + 19)/((-4)/(-226)). Let n = -78 - l. Suppose 213 = 2*p + n. Is p a composite number?
False
Let v be 3/2*48/72 + 3. Suppose 2*m = -3*h + 13999, 0 = -2*h - m - v*m + 9351. Is h composite?
False
Let x = 15560 + 22553. Is x a prime number?
True
Let b = -172 + 175. Is (-1)/((b + -5)/2) - -1888 prime?
True
Suppose 8*t + 26*t - 8291276 = 6*t. Is t a prime number?
True
Let h(j) = j**2 - j + 8. Let l be h(-3). Is 1119/2*l/15 a composite number?
True
Suppose 341981 = 9*c - 676018. Is c a prime number?
True
Suppose 13*c = 634982 + 524475. Is c composite?
False
Let g be (3 - 45/10)/((-3)/4). Suppose 13*l = 17*l - 4*q - 7364, 4*l - 7356 = g*q. Is l a composite number?
True
Suppose -o - 209 = -123. Let m = o - -94. Suppose 0 = -5*i - 3*s + 17806, -3*i = m*s - 3*s - 10674. Is i prime?
False
Let o(g) be the first derivative of -g**4/4 - 2*g**3/3 + 7*g**2/2 - g - 25. Let q be o(-4). Is (-15100)/(-12) - (2 - 8/q) composite?
False
Let m = 35226 + -13573. Let p = -11692 + m. Is p prime?
False
Let q(n) = n - 1. Let c be q(4). Suppose 3*u - 13 = m, 0*m + c*u = 4*m + 7. Suppose -3*l + 0*w - 2*w + 1951 = 0, 2*l - m*w - 1294 = 0. Is l composite?
True
Is 8/((4/16846)/1)*153/36 composite?
True
Let d be (-700)/6 + (-59)/177. Let w be (-6846)/(-30) + 1/(-5). Let q = d + w. Is q a composite number?
True
Suppose 72*w + 113597848 = 530*w + 26494950. Is w a composite number?
False
Let h(k) = -641*k. Let w be h(-1). Suppose 0 = 5*a - 3*u - 1150, 5*a + 25*u - 22*u - 1150 = 0. Let s = w - a. Is s a prime number?
False
Suppose 3*q = -4*r + 33980, -2*r = -17*q + 14*q - 16990. Is r prime?
False
Let c(p) = p**2 + p. Let v(i) = -6*i**2 - 13*i - 2. Let g(r) = 5*c(r) + v(r). Let d be g(-2). Suppose -9*s + d*s - 201 = 0. Is s prime?
False
Suppose p + 4*p = 5. Let t be ((1 - -2) + -3)/(p + 1). Suppose t = 9*h - 4897 - 3806. Is h composite?
False
Suppose -3*i + 0*j + 4*j + 8343 = 0, 0 = -4*i + 2*j + 11114. Suppose 2355 + 420 = d - 4*o, 0 = -d + 5*o + i. Is d a prime number?
True
Suppose 7*q = 1548373 + 402730. Is q a prime number?
False
Suppose 0 = -3*z + p + 28 + 39, -4*p = 2*z - 68. Suppose -z = -5*m + 9*m. Let n(s) = -308*s + 41. Is n(m) composite?
False
Suppose -35346 = -6*c - 7956. Let n = c + 5180. Is n prime?
False
Suppose 3*d = 4*g - 1106944, -3*d + 663947 = 2*g + 110457. Is g composite?
False
Let o(i) = 1243*i**2 - 142*i + 8. Is o(-5) prime?
True
Let l(b) = 7*b**3 + 4*b**2 - 27*b + 147. Is l(16) prime?
True
Is (-797209)/(-28)*4 + 4 prime?
True
Suppose 0 = 4*c - 9*c - 5*j - 40665, -4*j = -5*c - 40692. Is (-3)/(135/c) + (-1)/(-5) composite?
False
Let t = -51 + 59. Suppose 12*m - 852 = t*m. Is m + 2 - (-2 + 6) prime?
True
Let p(v) = v**3 + 58*v**2 + 45*v + 75. Is p(-29) a prime number?
True
Suppose 0 = -2*a - 22 + 14, -2*a + 624228 = 4*n. Is n a prime number?
True
Is ((-2 - -3) + 2)/1 - -1703104 a composite number?
True
Let f(g) = g**3 + 7*g**2 + 7*g + 10. Let a = -16 - -10. Let u be f(a). Suppose 0 = 2*h + 3*k - 400 - 247, -u*h - 3*k = -1309. Is h prime?
True
Let k(h) = -65*h - 4. Let l be k(1). Let w = l - -73. Suppose t + t - 246 = 3*o, -w*t - o = -492. Is t a composite number?
True
Let n(w) = -1767*w + 218. Let y be n(-3). Suppose -m - 1128 = -y. Is m prime?
True
Suppose 8908*m - 8932*m = -541608. Is m a composite number?
False
Is (-365055)/(-9)*(-1 + 7)*(-15)/(-30) a prime number?
False
Suppose -9*t + 112*t - 24307897 = 0. Is t a composite number?
True
Let u = 6509 - 10365. Let x = 7748 + u. Let a = x + -2235. Is a a composite number?
False
Let u(t) = -7*t + 6. Let q be u(4). Let y be 4/q + 2748/(-132). Is (y/(-12) - 5/(-20)) + 107 prime?
True
Let j be 10*(-3)/(-255) - 64/(-34). Suppose 0 = -j*y - 2*s + 112, 24*s - 21*s - 9 = 0. Is y prime?
True
Let g(a) = 5*a**3 + 3*a**2 - 6*a. Let s be g(5). Let d = 2399 - s. Suppose z + r - 818 + 230 = 0, 4*r + d = 3*z. Is z a prime number?
False
Let a be 135/18 - (-2)/(-4). Let o(w) = -w**2 + 9*w - 10. Let i be o(a). Suppose 5*s = 